{"id":1017,"date":"2017-04-24T16:49:31","date_gmt":"2017-04-24T14:49:31","guid":{"rendered":"http:\/\/lbam.pwr.edu.pl\/?page_id=1017"},"modified":"2019-02-13T07:32:02","modified_gmt":"2019-02-13T06:32:02","slug":"asystent-pacjenta","status":"publish","type":"page","link":"https:\/\/lbam.pwr.edu.pl\/?page_id=1017","title":{"rendered":"Asystent Pacjenta &#8211; praktyki"},"content":{"rendered":"<p><a href=\"http:\/\/lbam.pwr.edu.pl\/wp-content\/uploads\/2017\/04\/Asystent-Pacjenta-prezentacje.jpg\"><img loading=\"lazy\" decoding=\"async\" class=\"alignnone size-large wp-image-1275 aligncenter\" src=\"http:\/\/lbam.pwr.edu.pl\/wp-content\/uploads\/2017\/04\/Asystent-Pacjenta-prezentacje-1024x576.jpg\" alt=\"Asystent Pacjenta - promo\" width=\"750\" height=\"421\" srcset=\"https:\/\/lbam.pwr.edu.pl\/wp-content\/uploads\/2017\/04\/Asystent-Pacjenta-prezentacje-1024x576.jpg 1024w, https:\/\/lbam.pwr.edu.pl\/wp-content\/uploads\/2017\/04\/Asystent-Pacjenta-prezentacje-300x168.jpg 300w, https:\/\/lbam.pwr.edu.pl\/wp-content\/uploads\/2017\/04\/Asystent-Pacjenta-prezentacje.jpg 1280w\" sizes=\"(max-width: 750px) 100vw, 750px\" \/><\/a><\/p>\n<p style=\"text-align: justify;\">W dniu <strong><span style=\"color: #ff0000;\">24 kwietnia 2017 roku<\/span><\/strong> w Wojew\u00f3dzkim Szpitalu Specjalistycznym O\u015brodku Badawczo-Rozwojowym ruszy\u0142 pilota\u017cowy projekt praktyk zawodowych Asystent Pacjenta dla student\u00f3w In\u017cynierii Biomedycznej. Projekt uruchomiono w wyniku podpisanego porozumienia pomi\u0119dzy Katedr\u0105 In\u017cynierii Biomedycznej na Wydziale Podstawowych Problem\u00f3w Techniki reprezentowan\u0105 przez prof. <span style=\"color: #0000ff;\">Arkadiusza W\u00f3jsa<\/span> oraz <span style=\"color: #0000ff;\">prof. Halin\u0119 Podbielsk\u0105<\/span>\u00a0a Wojew\u00f3dzkim Szpitalem Specjalistycznym O\u015brodkiem Badawczo-Rozwojowym we Wroc\u0142awiu reprezentowanym przez <span style=\"color: #0000ff;\">prof. Wojciecha Witkiewicza<\/span>. W organizacj\u0119 praktyk zawodowych bardzo aktywnie w\u0142\u0105czyli si\u0119 sami studenci nale\u017c\u0105cy do Ko\u0142a Naukowego &#8220;MICELA&#8221;. Bezpo\u015bredni nadz\u00f3r merytoryczny ze strony PWr pe\u0142ni <strong><span style=\"color: #339966;\">d<strong>r<\/strong> in\u017c. Magdalena Przyby\u0142o<\/span><\/strong> oraz <span style=\"color: #339966;\"><strong>prof. Marek Langner<\/strong><\/span>. Od strony student\u00f3w <strong><span style=\"color: #339966;\">Maria Skrodzka (II rok IB)\u00a0<\/span><\/strong>. Natomiast w Szpitalu Pani <span style=\"color: #339966;\"><strong>Patrycja J\u0119drzejczak<\/strong><\/span>.<\/p>\n<p style=\"text-align: justify;\">Studenci w trakcie studenckich praktyk zawodowych, pe\u0142ni\u0105c rol\u0119 Asystenta Pacjenta, mog\u0105 pozna\u0107 organizacj\u0119 i funkcjonowanie Szpitala, jego struktur\u0119 organizacyjn\u0105, zaplecze sprz\u0119towe oraz potrzeby pacjent\u00f3w i kadry medycznej w zakresie in\u017cynierii biomedycznej. Rozpocz\u0119cie praktyk poprzedza cykl szkole\u0144 przeprowadzonych przez pracownik\u00f3w Wojew\u00f3dzkiego Szpitala Specjalistycznego, dotycz\u0105cych: organizacji pracy szpitala, historii Wojew\u00f3dzkiego Szpitala Specjalistycznego O\u015brodka Badawczo-Rozwojowego, zasad finansowania s\u0142u\u017cby zdrowia, przepis\u00f3w BHP obowi\u0105zuj\u0105cych w Szpitalu oraz ochrony danych osobowych.<\/p>\n<p>&nbsp;<\/p>\n<p style=\"text-align: left;\"><span style=\"color: #ff0000;\">ZESP\u00d3\u0141 ZARZ\u0104DZAJ\u0104CY:<\/span><\/p>\n<table width=\"534\">\n<tbody>\n<tr>\n<td style=\"text-align: center;\" width=\"176\">KOORDYNATOR G\u0141\u00d3WNY<\/td>\n<td style=\"text-align: center;\" width=\"179\">KOORDYNATOR POMOCNICZY<\/td>\n<td style=\"text-align: center;\" width=\"179\">MARKETING<\/td>\n<td style=\"text-align: center;\" width=\"179\">PROJEKTY<\/td>\n<\/tr>\n<tr>\n<td style=\"text-align: center;\" width=\"176\">Maria Skrodzka<\/td>\n<td style=\"text-align: center;\" width=\"179\">Maja Bielawska<\/td>\n<td style=\"text-align: center;\" width=\"179\">Anna Napi\u00f3rkowska, Hanna Sowicka<\/td>\n<td style=\"text-align: center;\" width=\"179\">Kinga Bogus<\/td>\n<\/tr>\n<tr>\n<td style=\"text-align: center;\">II rok IB, WPPT<\/td>\n<td style=\"text-align: center;\">II rok IB, WPPT<\/td>\n<td style=\"text-align: center;\">II rok IB, WPPT<\/td>\n<td style=\"text-align: center;\">II rok IB, WPPT<\/td>\n<\/tr>\n<\/tbody>\n<\/table>\n<p>&nbsp;<\/p>\n<p><span style=\"color: #ff0000;\">KONTAKT:<\/span><\/p>\n<table width=\"355\">\n<tbody>\n<tr>\n<td style=\"text-align: center;\" width=\"176\">E-mail:<\/td>\n<td style=\"text-align: center;\" width=\"179\"><a href=\"mailto:asystentpacjenta@gmail.com\">asystentpacjenta@gmail.com<\/a><\/td>\n<\/tr>\n<tr>\n<td style=\"text-align: center;\">Facebook:<\/td>\n<td style=\"text-align: center;\"><a href=\"https:\/\/www.facebook.com\/groups\/157352984863912\/\" target=\"_blank\" rel=\"noopener\">Asystent Pacjenta 2017\/2018<\/a><\/p>\n<p><a href=\"https:\/\/www.facebook.com\/groups\/731483187204298\/?ref=br_rs\" target=\"_blank\" rel=\"noopener\">Asystent Pacjenta 2018\/2019<\/a><\/td>\n<\/tr>\n<\/tbody>\n<\/table>\n<p>&nbsp;<\/p>\n<p><a href=\"http:\/\/lbam.pwr.edu.pl\/wp-content\/uploads\/2017\/04\/AP.png\"><img loading=\"lazy\" decoding=\"async\" class=\"alignnone wp-image-1039 aligncenter\" src=\"http:\/\/lbam.pwr.edu.pl\/wp-content\/uploads\/2017\/04\/AP.png\" alt=\"AP\" width=\"560\" height=\"788\" srcset=\"https:\/\/lbam.pwr.edu.pl\/wp-content\/uploads\/2017\/04\/AP.png 1478w, https:\/\/lbam.pwr.edu.pl\/wp-content\/uploads\/2017\/04\/AP-213x300.png 213w, https:\/\/lbam.pwr.edu.pl\/wp-content\/uploads\/2017\/04\/AP-727x1024.png 727w\" sizes=\"(max-width: 560px) 100vw, 560px\" \/><\/a><\/p>\n<p>&nbsp;<\/p>\n<p>&nbsp;<\/p>\n<p><span style=\"color: #ff0000;\">AKTUALNO\u015aCI DOTYCZ\u0104CE PROGRAMU:<\/span><\/p>\n<p>&nbsp;<\/p>\n<p>&nbsp;<\/p>\n<p><a href=\"http:\/\/lbam.pwr.edu.pl\/wp-content\/uploads\/2016\/12\/AP2.jpg\"><img loading=\"lazy\" decoding=\"async\" class=\"alignnone size-full wp-image-876\" src=\"http:\/\/lbam.pwr.edu.pl\/wp-content\/uploads\/2016\/12\/AP2.jpg\" alt=\"AP2\" width=\"2999\" height=\"2249\" srcset=\"https:\/\/lbam.pwr.edu.pl\/wp-content\/uploads\/2016\/12\/AP2.jpg 2999w, https:\/\/lbam.pwr.edu.pl\/wp-content\/uploads\/2016\/12\/AP2-300x224.jpg 300w, https:\/\/lbam.pwr.edu.pl\/wp-content\/uploads\/2016\/12\/AP2-1024x767.jpg 1024w\" sizes=\"(max-width: 2999px) 100vw, 2999px\" \/><\/a><\/p>\n<p><a href=\"http:\/\/lbam.pwr.edu.pl\/wp-content\/uploads\/2016\/12\/AP21.jpg\"><img loading=\"lazy\" decoding=\"async\" class=\"alignnone size-full wp-image-879\" src=\"http:\/\/lbam.pwr.edu.pl\/wp-content\/uploads\/2016\/12\/AP21.jpg\" alt=\"AP2\" width=\"2999\" height=\"2249\" srcset=\"https:\/\/lbam.pwr.edu.pl\/wp-content\/uploads\/2016\/12\/AP21.jpg 2999w, https:\/\/lbam.pwr.edu.pl\/wp-content\/uploads\/2016\/12\/AP21-300x224.jpg 300w, https:\/\/lbam.pwr.edu.pl\/wp-content\/uploads\/2016\/12\/AP21-1024x767.jpg 1024w\" sizes=\"(max-width: 2999px) 100vw, 2999px\" \/><\/a><\/p>\n<p>&nbsp;<\/p>\n<p>&nbsp;<\/p>\n<p>Przed rozpocz\u0119ciem projektu :<\/p>\n<p><a href=\"http:\/\/lbam.pwr.edu.pl\/wp-content\/uploads\/2017\/04\/Fig1.png\"><img loading=\"lazy\" decoding=\"async\" class=\"alignnone size-full wp-image-1041\" src=\"http:\/\/lbam.pwr.edu.pl\/wp-content\/uploads\/2017\/04\/Fig1.png\" alt=\"Fig1\" width=\"2015\" height=\"750\" srcset=\"https:\/\/lbam.pwr.edu.pl\/wp-content\/uploads\/2017\/04\/Fig1.png 2015w, https:\/\/lbam.pwr.edu.pl\/wp-content\/uploads\/2017\/04\/Fig1-300x111.png 300w, https:\/\/lbam.pwr.edu.pl\/wp-content\/uploads\/2017\/04\/Fig1-1024x381.png 1024w\" sizes=\"(max-width: 2015px) 100vw, 2015px\" \/><\/a> <a href=\"http:\/\/lbam.pwr.edu.pl\/wp-content\/uploads\/2017\/04\/Fig2.png\"><img loading=\"lazy\" decoding=\"async\" class=\"alignnone size-full wp-image-1042\" src=\"http:\/\/lbam.pwr.edu.pl\/wp-content\/uploads\/2017\/04\/Fig2.png\" alt=\"Fig2\" width=\"2015\" height=\"750\" srcset=\"https:\/\/lbam.pwr.edu.pl\/wp-content\/uploads\/2017\/04\/Fig2.png 2015w, https:\/\/lbam.pwr.edu.pl\/wp-content\/uploads\/2017\/04\/Fig2-300x111.png 300w, https:\/\/lbam.pwr.edu.pl\/wp-content\/uploads\/2017\/04\/Fig2-1024x381.png 1024w\" sizes=\"(max-width: 2015px) 100vw, 2015px\" \/><\/a><\/p>\n<p><a href=\"http:\/\/lbam.pwr.edu.pl\/wp-content\/uploads\/2017\/04\/Fig31.png\"><img loading=\"lazy\" decoding=\"async\" class=\"alignnone size-full wp-image-1050\" src=\"http:\/\/lbam.pwr.edu.pl\/wp-content\/uploads\/2017\/04\/Fig31.png\" alt=\"Fig3\" width=\"1920\" height=\"833\" srcset=\"https:\/\/lbam.pwr.edu.pl\/wp-content\/uploads\/2017\/04\/Fig31.png 1920w, https:\/\/lbam.pwr.edu.pl\/wp-content\/uploads\/2017\/04\/Fig31-300x130.png 300w, https:\/\/lbam.pwr.edu.pl\/wp-content\/uploads\/2017\/04\/Fig31-1024x444.png 1024w\" sizes=\"(max-width: 1920px) 100vw, 1920px\" \/><\/a><\/p>\n<p>Stanowisko w\u00a0\u00a0holu g\u0142\u00f3wnym Wojew\u00f3dzkiego Szpitala Specjalistycznego O\u015brodka Badawczo-Rozwojowego.<\/p>\n<p><a href=\"http:\/\/lbam.pwr.edu.pl\/wp-content\/uploads\/2017\/04\/IMAG0074.jpg\"><img loading=\"lazy\" decoding=\"async\" class=\"size-full wp-image-1081 aligncenter\" src=\"http:\/\/lbam.pwr.edu.pl\/wp-content\/uploads\/2017\/04\/IMAG0074.jpg\" alt=\"IMAG0074\" width=\"1454\" height=\"1080\" srcset=\"https:\/\/lbam.pwr.edu.pl\/wp-content\/uploads\/2017\/04\/IMAG0074.jpg 1454w, https:\/\/lbam.pwr.edu.pl\/wp-content\/uploads\/2017\/04\/IMAG0074-300x222.jpg 300w, https:\/\/lbam.pwr.edu.pl\/wp-content\/uploads\/2017\/04\/IMAG0074-1024x760.jpg 1024w\" sizes=\"(max-width: 1454px) 100vw, 1454px\" \/><\/a><\/p>\n<p>&nbsp;<\/p>\n<h2>ASYSTENT PACJENTA &#8211; GALERIA<\/h2>\n<h2><a href=\"http:\/\/lbam.pwr.edu.pl\/wp-content\/uploads\/2018\/03\/IMG_0428.jpg\"><img loading=\"lazy\" decoding=\"async\" class=\"alignnone wp-image-1251 size-large\" src=\"http:\/\/lbam.pwr.edu.pl\/wp-content\/uploads\/2018\/03\/IMG_0428-1024x768.jpg\" alt=\"IMG_0428\" width=\"750\" height=\"562\" srcset=\"https:\/\/lbam.pwr.edu.pl\/wp-content\/uploads\/2018\/03\/IMG_0428-1024x768.jpg 1024w, https:\/\/lbam.pwr.edu.pl\/wp-content\/uploads\/2018\/03\/IMG_0428-300x225.jpg 300w\" sizes=\"(max-width: 750px) 100vw, 750px\" \/><\/a><\/h2>\n<p>Przygotowanie do przekazania materia\u0142\u00f3w MZ dotycz\u0105cych karmienia piersi\u0105 \u015bwie\u017co upieczonym mamom, \u00a0otrzymanych od zaprzyja\u017anionego Szpitala ProFamilia w Rzeszowie \u00a0:)<\/p>\n<p><a href=\"http:\/\/lbam.pwr.edu.pl\/wp-content\/uploads\/2018\/03\/IMG_0405.jpg\"><img loading=\"lazy\" decoding=\"async\" class=\"alignnone wp-image-1244 size-large\" src=\"http:\/\/lbam.pwr.edu.pl\/wp-content\/uploads\/2018\/03\/IMG_0405-768x1024.jpg\" alt=\"IMG_0405\" width=\"750\" height=\"1000\" srcset=\"https:\/\/lbam.pwr.edu.pl\/wp-content\/uploads\/2018\/03\/IMG_0405-768x1024.jpg 768w, https:\/\/lbam.pwr.edu.pl\/wp-content\/uploads\/2018\/03\/IMG_0405-225x300.jpg 225w\" sizes=\"(max-width: 750px) 100vw, 750px\" \/><\/a><\/p>\n<p>Spotkanie po konferencji naukowej dotycz\u0105cej roli genotypowania w opracowywaniu nowych lek\u00f3w.<\/p>\n<p>&nbsp;<\/p>\n<p>Codzienno\u015b\u0107 na stanowisku AP :)<\/p>\n<p>&nbsp;<\/p>\n<p><a href=\"http:\/\/lbam.pwr.edu.pl\/wp-content\/uploads\/2018\/03\/IMG_0406.jpg\"><img loading=\"lazy\" decoding=\"async\" class=\"alignnone size-large wp-image-1243\" src=\"http:\/\/lbam.pwr.edu.pl\/wp-content\/uploads\/2018\/03\/IMG_0406-1024x768.jpg\" alt=\"IMG_0406\" width=\"750\" height=\"562\" srcset=\"https:\/\/lbam.pwr.edu.pl\/wp-content\/uploads\/2018\/03\/IMG_0406-1024x768.jpg 1024w, https:\/\/lbam.pwr.edu.pl\/wp-content\/uploads\/2018\/03\/IMG_0406-300x225.jpg 300w\" sizes=\"(max-width: 750px) 100vw, 750px\" \/><\/a><\/p>\n<p><a href=\"http:\/\/lbam.pwr.edu.pl\/wp-content\/uploads\/2018\/03\/IMG_0414.jpg\"><img loading=\"lazy\" decoding=\"async\" class=\"alignnone size-large wp-image-1236\" src=\"http:\/\/lbam.pwr.edu.pl\/wp-content\/uploads\/2018\/03\/IMG_0414-1024x768.jpg\" alt=\"IMG_0414\" width=\"750\" height=\"562\" srcset=\"https:\/\/lbam.pwr.edu.pl\/wp-content\/uploads\/2018\/03\/IMG_0414-1024x768.jpg 1024w, https:\/\/lbam.pwr.edu.pl\/wp-content\/uploads\/2018\/03\/IMG_0414-300x225.jpg 300w\" sizes=\"(max-width: 750px) 100vw, 750px\" \/><\/a><\/p>\n<p><a href=\"http:\/\/lbam.pwr.edu.pl\/wp-content\/uploads\/2018\/03\/IMG_0390.jpg\"><img loading=\"lazy\" decoding=\"async\" class=\"alignnone size-large wp-image-1234\" src=\"http:\/\/lbam.pwr.edu.pl\/wp-content\/uploads\/2018\/03\/IMG_0390-768x1024.jpg\" alt=\"IMG_0390\" width=\"750\" height=\"1000\" srcset=\"https:\/\/lbam.pwr.edu.pl\/wp-content\/uploads\/2018\/03\/IMG_0390-768x1024.jpg 768w, https:\/\/lbam.pwr.edu.pl\/wp-content\/uploads\/2018\/03\/IMG_0390-225x300.jpg 225w\" sizes=\"(max-width: 750px) 100vw, 750px\" \/><\/a><\/p>\n<p>Prasa o Projekcie:<\/p>\n<p><img loading=\"lazy\" decoding=\"async\" class=\"aligncenter size-full wp-image-1382\" src=\"http:\/\/lbam.pwr.edu.pl\/wp-content\/uploads\/2018\/10\/WSS-Wroclaw.jpg\" alt=\"\" width=\"1222\" height=\"1654\" \/><\/p>\n<p><img loading=\"lazy\" decoding=\"async\" class=\"alignnone wp-image-1276 size-medium\" src=\"http:\/\/lbam.pwr.edu.pl\/wp-content\/uploads\/2017\/04\/Przechwytywanie-300x53.png\" alt=\"Przechwytywanie\" width=\"300\" height=\"53\" srcset=\"https:\/\/lbam.pwr.edu.pl\/wp-content\/uploads\/2017\/04\/Przechwytywanie-300x53.png 300w, https:\/\/lbam.pwr.edu.pl\/wp-content\/uploads\/2017\/04\/Przechwytywanie-1024x181.png 1024w, https:\/\/lbam.pwr.edu.pl\/wp-content\/uploads\/2017\/04\/Przechwytywanie.png 1740w\" sizes=\"(max-width: 300px) 100vw, 300px\" \/>\u00a0 \u00a0 \u00a0<img loading=\"lazy\" decoding=\"async\" class=\"alignnone wp-image-1277 size-medium\" src=\"http:\/\/lbam.pwr.edu.pl\/wp-content\/uploads\/2017\/04\/know-pl_300mm-300x64.png\" alt=\"know-pl_300mm\" width=\"300\" height=\"64\" srcset=\"https:\/\/lbam.pwr.edu.pl\/wp-content\/uploads\/2017\/04\/know-pl_300mm-300x64.png 300w, https:\/\/lbam.pwr.edu.pl\/wp-content\/uploads\/2017\/04\/know-pl_300mm-1024x221.png 1024w\" sizes=\"(max-width: 300px) 100vw, 300px\" \/>\u00a0 \u00a0 \u00a0<img loading=\"lazy\" decoding=\"async\" class=\"alignnone wp-image-1278 size-medium\" src=\"http:\/\/lbam.pwr.edu.pl\/wp-content\/uploads\/2017\/04\/logo-lipid-systems-poziom-300x85.png\" alt=\"logo-lipid-systems-poziom\" width=\"300\" height=\"85\" srcset=\"https:\/\/lbam.pwr.edu.pl\/wp-content\/uploads\/2017\/04\/logo-lipid-systems-poziom-300x85.png 300w, https:\/\/lbam.pwr.edu.pl\/wp-content\/uploads\/2017\/04\/logo-lipid-systems-poziom-1024x292.png 1024w, https:\/\/lbam.pwr.edu.pl\/wp-content\/uploads\/2017\/04\/logo-lipid-systems-poziom.png 1262w\" sizes=\"(max-width: 300px) 100vw, 300px\" \/>\u00a0 \u00a0 \u00a0<img loading=\"lazy\" decoding=\"async\" class=\"alignnone wp-image-1279 size-medium\" src=\"http:\/\/lbam.pwr.edu.pl\/wp-content\/uploads\/2017\/04\/BE_raster-300x45.png\" alt=\"BE_raster\" width=\"300\" height=\"45\" srcset=\"https:\/\/lbam.pwr.edu.pl\/wp-content\/uploads\/2017\/04\/BE_raster-300x45.png 300w, https:\/\/lbam.pwr.edu.pl\/wp-content\/uploads\/2017\/04\/BE_raster-1024x155.png 1024w, https:\/\/lbam.pwr.edu.pl\/wp-content\/uploads\/2017\/04\/BE_raster.png 1837w\" sizes=\"(max-width: 300px) 100vw, 300px\" \/>\u00a0 \u00a0 \u00a0<img loading=\"lazy\" decoding=\"async\" class=\"alignnone wp-image-1280 size-medium\" src=\"http:\/\/lbam.pwr.edu.pl\/wp-content\/uploads\/2017\/04\/logo-300x55.jpg\" alt=\"logo\" width=\"300\" height=\"55\" srcset=\"https:\/\/lbam.pwr.edu.pl\/wp-content\/uploads\/2017\/04\/logo-300x55.jpg 300w, https:\/\/lbam.pwr.edu.pl\/wp-content\/uploads\/2017\/04\/logo-1024x189.jpg 1024w\" sizes=\"(max-width: 300px) 100vw, 300px\" \/><\/p>\n","protected":false},"excerpt":{"rendered":"<p>W dniu 24 kwietnia 2017 roku w Wojew\u00f3dzkim Szpitalu Specjalistycznym O\u015brodku Badawczo-Rozwojowym ruszy\u0142 pilota\u017cowy projekt praktyk zawodowych Asystent Pacjenta dla student\u00f3w In\u017cynierii Biomedycznej. Projekt uruchomiono w wyniku podpisanego porozumienia pomi\u0119dzy Katedr\u0105 In\u017cynierii Biomedycznej na Wydziale Podstawowych Problem\u00f3w Techniki reprezentowan\u0105 przez prof. Arkadiusza W\u00f3jsa oraz prof. Halin\u0119 Podbielsk\u0105\u00a0a Wojew\u00f3dzkim Szpitalem Specjalistycznym O\u015brodkiem Badawczo-Rozwojowym we Wroc\u0142awiu reprezentowanym&#8230;<\/p>\n<p><a href=\"https:\/\/lbam.pwr.edu.pl\/?page_id=1017\"><span class=\"glyphicon glyphicon-arrow-right\"><\/span>&nbsp;Continue reading<\/a><\/p>","protected":false},"author":1,"featured_media":0,"parent":729,"menu_order":0,"comment_status":"closed","ping_status":"closed","template":"","meta":{"footnotes":""},"_links":{"self":[{"href":"https:\/\/lbam.pwr.edu.pl\/index.php?rest_route=\/wp\/v2\/pages\/1017"}],"collection":[{"href":"https:\/\/lbam.pwr.edu.pl\/index.php?rest_route=\/wp\/v2\/pages"}],"about":[{"href":"https:\/\/lbam.pwr.edu.pl\/index.php?rest_route=\/wp\/v2\/types\/page"}],"author":[{"embeddable":true,"href":"https:\/\/lbam.pwr.edu.pl\/index.php?rest_route=\/wp\/v2\/users\/1"}],"replies":[{"embeddable":true,"href":"https:\/\/lbam.pwr.edu.pl\/index.php?rest_route=%2Fwp%2Fv2%2Fcomments&post=1017"}],"version-history":[{"count":41,"href":"https:\/\/lbam.pwr.edu.pl\/index.php?rest_route=\/wp\/v2\/pages\/1017\/revisions"}],"predecessor-version":[{"id":1438,"href":"https:\/\/lbam.pwr.edu.pl\/index.php?rest_route=\/wp\/v2\/pages\/1017\/revisions\/1438"}],"up":[{"embeddable":true,"href":"https:\/\/lbam.pwr.edu.pl\/index.php?rest_route=\/wp\/v2\/pages\/729"}],"wp:attachment":[{"href":"https:\/\/lbam.pwr.edu.pl\/index.php?rest_route=%2Fwp%2Fv2%2Fmedia&parent=1017"}],"curies":[{"name":"wp","href":"https:\/\/api.w.org\/{rel}","templated":true}]}}