{"id":1086,"date":"2017-05-19T12:23:07","date_gmt":"2017-05-19T10:23:07","guid":{"rendered":"http:\/\/lbam.pwr.edu.pl\/?page_id=1086"},"modified":"2018-03-24T15:02:13","modified_gmt":"2018-03-24T14:02:13","slug":"projekt-koler","status":"publish","type":"page","link":"https:\/\/lbam.pwr.edu.pl\/?page_id=1086","title":{"rendered":"PROJEKT K\u00d3LER"},"content":{"rendered":"<p>19.05.2017 ROZPOCZYNAMY PRZYGOTOWANIA DO Z\u0141O\u017bENIA WNIOSKU NA PROJEKT &#8220;K\u00d3LER&#8221;<\/p>\n<p><a title=\"Kosztorys do uzupe\u0142nienia\" href=\"https:\/\/docs.google.com\/spreadsheets\/d\/1aOL6Qqqi_s0iOAwsoN1PP3HJBCt2VtsXUwsPZme5fFw\/edit?usp=sharing\" target=\"_blank\">Kosztorys do uzupe\u0142nienia<\/a><\/p>\n<p>&nbsp;<\/p>\n<p>Lipiec 2017 &#8211; grupa otrzyma\u0142a \u00a0dofinansowanie do projektu<\/p>\n<p>Wrzesie\u0144 2017 &#8211; zako\u0144czono formalno\u015bci zwi\u0105zane z dofinansowaniem<\/p>\n<p>&#8230; i zacz\u0119\u0142a si\u0119 prawdziwa praca nad projektem :)<\/p>\n<p>Przygotowania do pomiar\u00f3w w plenerze<\/p>\n<p><a href=\"http:\/\/lbam.pwr.edu.pl\/wp-content\/uploads\/2018\/03\/IMG_3793.jpg\"><img loading=\"lazy\" decoding=\"async\" class=\"alignnone size-large wp-image-1259\" src=\"http:\/\/lbam.pwr.edu.pl\/wp-content\/uploads\/2018\/03\/IMG_3793-1024x768.jpg\" alt=\"IMG_3793\" width=\"750\" height=\"562\" srcset=\"https:\/\/lbam.pwr.edu.pl\/wp-content\/uploads\/2018\/03\/IMG_3793-1024x768.jpg 1024w, https:\/\/lbam.pwr.edu.pl\/wp-content\/uploads\/2018\/03\/IMG_3793-300x225.jpg 300w\" sizes=\"(max-width: 750px) 100vw, 750px\" \/><\/a><\/p>\n<p><a href=\"http:\/\/lbam.pwr.edu.pl\/wp-content\/uploads\/2018\/03\/IMG_3738.jpg\"><img loading=\"lazy\" decoding=\"async\" class=\"alignnone size-large wp-image-1258\" src=\"http:\/\/lbam.pwr.edu.pl\/wp-content\/uploads\/2018\/03\/IMG_3738-1024x768.jpg\" alt=\"IMG_3738\" width=\"750\" height=\"562\" srcset=\"https:\/\/lbam.pwr.edu.pl\/wp-content\/uploads\/2018\/03\/IMG_3738-1024x768.jpg 1024w, https:\/\/lbam.pwr.edu.pl\/wp-content\/uploads\/2018\/03\/IMG_3738-300x225.jpg 300w\" sizes=\"(max-width: 750px) 100vw, 750px\" \/><\/a><\/p>\n<p>&nbsp;<\/p>\n<p>\u017beby co\u015b z sensem skonstruowa\u0107 trzeba dobrze pozna\u0107 temat, \u00a0najlepiej na sobie :)<\/p>\n<p><a href=\"http:\/\/lbam.pwr.edu.pl\/wp-content\/uploads\/2018\/03\/IMG_0258.jpg\"><img loading=\"lazy\" decoding=\"async\" class=\"alignnone size-large wp-image-1265\" src=\"http:\/\/lbam.pwr.edu.pl\/wp-content\/uploads\/2018\/03\/IMG_0258-1024x769.jpg\" alt=\"IMG_0258\" width=\"750\" height=\"563\" srcset=\"https:\/\/lbam.pwr.edu.pl\/wp-content\/uploads\/2018\/03\/IMG_0258-1024x769.jpg 1024w, https:\/\/lbam.pwr.edu.pl\/wp-content\/uploads\/2018\/03\/IMG_0258-300x225.jpg 300w\" sizes=\"(max-width: 750px) 100vw, 750px\" \/><\/a><\/p>\n<p><a href=\"http:\/\/lbam.pwr.edu.pl\/wp-content\/uploads\/2018\/03\/IMG_9171.jpg\"><img loading=\"lazy\" decoding=\"async\" class=\"alignnone size-large wp-image-1267\" src=\"http:\/\/lbam.pwr.edu.pl\/wp-content\/uploads\/2018\/03\/IMG_9171-1024x768.jpg\" alt=\"IMG_9171\" width=\"750\" height=\"562\" srcset=\"https:\/\/lbam.pwr.edu.pl\/wp-content\/uploads\/2018\/03\/IMG_9171-1024x768.jpg 1024w, https:\/\/lbam.pwr.edu.pl\/wp-content\/uploads\/2018\/03\/IMG_9171-300x225.jpg 300w\" sizes=\"(max-width: 750px) 100vw, 750px\" \/><\/a><\/p>\n<p>&nbsp;<\/p>\n","protected":false},"excerpt":{"rendered":"<p>19.05.2017 ROZPOCZYNAMY PRZYGOTOWANIA DO Z\u0141O\u017bENIA WNIOSKU NA PROJEKT &#8220;K\u00d3LER&#8221; Kosztorys do uzupe\u0142nienia &nbsp; Lipiec 2017 &#8211; grupa otrzyma\u0142a \u00a0dofinansowanie do projektu Wrzesie\u0144 2017 &#8211; zako\u0144czono formalno\u015bci zwi\u0105zane z dofinansowaniem &#8230; i zacz\u0119\u0142a si\u0119 prawdziwa praca nad projektem :) Przygotowania do pomiar\u00f3w w plenerze &nbsp; \u017beby co\u015b z sensem skonstruowa\u0107 trzeba dobrze pozna\u0107 temat, \u00a0najlepiej na&#8230;<\/p>\n<p><a href=\"https:\/\/lbam.pwr.edu.pl\/?page_id=1086\"><span class=\"glyphicon glyphicon-arrow-right\"><\/span>&nbsp;Continue reading<\/a><\/p>","protected":false},"author":1,"featured_media":0,"parent":0,"menu_order":0,"comment_status":"closed","ping_status":"closed","template":"","meta":{"footnotes":""},"_links":{"self":[{"href":"https:\/\/lbam.pwr.edu.pl\/index.php?rest_route=\/wp\/v2\/pages\/1086"}],"collection":[{"href":"https:\/\/lbam.pwr.edu.pl\/index.php?rest_route=\/wp\/v2\/pages"}],"about":[{"href":"https:\/\/lbam.pwr.edu.pl\/index.php?rest_route=\/wp\/v2\/types\/page"}],"author":[{"embeddable":true,"href":"https:\/\/lbam.pwr.edu.pl\/index.php?rest_route=\/wp\/v2\/users\/1"}],"replies":[{"embeddable":true,"href":"https:\/\/lbam.pwr.edu.pl\/index.php?rest_route=%2Fwp%2Fv2%2Fcomments&post=1086"}],"version-history":[{"count":8,"href":"https:\/\/lbam.pwr.edu.pl\/index.php?rest_route=\/wp\/v2\/pages\/1086\/revisions"}],"predecessor-version":[{"id":1274,"href":"https:\/\/lbam.pwr.edu.pl\/index.php?rest_route=\/wp\/v2\/pages\/1086\/revisions\/1274"}],"wp:attachment":[{"href":"https:\/\/lbam.pwr.edu.pl\/index.php?rest_route=%2Fwp%2Fv2%2Fmedia&parent=1086"}],"curies":[{"name":"wp","href":"https:\/\/api.w.org\/{rel}","templated":true}]}}