{"id":1467,"date":"2019-05-06T10:53:34","date_gmt":"2019-05-06T08:53:34","guid":{"rendered":"http:\/\/lbam.pwr.edu.pl\/?page_id=1467"},"modified":"2019-05-06T11:00:29","modified_gmt":"2019-05-06T09:00:29","slug":"praktyki-w-ramach-programu-power","status":"publish","type":"page","link":"https:\/\/lbam.pwr.edu.pl\/?page_id=1467","title":{"rendered":"Praktyki w ramach programu POWER"},"content":{"rendered":"<p>W zwi\u0105zku z mo\u017cliwo\u015bci\u0105 odbycia p\u0142atnego sta\u017cu informuj\u0119 i\u017c Sekcja Wdra\u017cania Projekt\u00f3w Strategicznych POWER Dzia\u0142 Zarz\u0105dzania Projektami Politechnika Wroc\u0142awska, uruchomi\u0142a rekrutacj\u0119. W linku poni\u017cej s\u0105 do pobrania dokumenty zwi\u0105zane z udzia\u0142em w sta\u017cu.<\/p>\n<p>Og\u0142oszenie rekrutacyjne:<\/p>\n<p style=\"text-align: left;\"><a href=\"http:\/\/lbam.pwr.edu.pl\/wp-content\/uploads\/2019\/05\/STAZ\u0307E_W11_Og\u0142oszenie_rekrutacyjne.docx\" target=\"_blank\" rel=\"noopener\">OG\u0141OSZENIE REKRUTACYJNE<\/a><\/p>\n<p>Baza pracodawc\u00f3w: <\/p>\n<p style=\"text-align: left;\"><a href=\"http:\/\/lbam.pwr.edu.pl\/wp-content\/uploads\/2019\/05\/W11_Baza-Pracodawco\u0301w.xlsx\" target=\"_blank\" rel=\"noopener\"> BAZA PRACODAWC\u00d3W<\/a><\/p>\n<p>Poni\u017cej link do strony gdzie mo\u017cna zapozna\u0107 si\u0119 z dokumentacj\u0105 jaka obowi\u0105zuje w projekcie.<br \/>\n<a href=\"http:\/\/zpr.pwr.edu.pl\/dokumenty\" rel=\"noopener\" target=\"_blank\">DOKUMENTY DO STA\u017bU<\/a><\/p>\n<p><img loading=\"lazy\" decoding=\"async\" class=\"aligncenter size-full wp-image-1399\" src=\"http:\/\/lbam.pwr.edu.pl\/wp-content\/uploads\/2018\/11\/asystent_lekarza_2019_a3.png\" alt=\"\" width=\"3150\" height=\"4200\" srcset=\"https:\/\/lbam.pwr.edu.pl\/wp-content\/uploads\/2018\/11\/asystent_lekarza_2019_a3.png 3150w, https:\/\/lbam.pwr.edu.pl\/wp-content\/uploads\/2018\/11\/asystent_lekarza_2019_a3-225x300.png 225w, https:\/\/lbam.pwr.edu.pl\/wp-content\/uploads\/2018\/11\/asystent_lekarza_2019_a3-768x1024.png 768w\" sizes=\"(max-width: 3150px) 100vw, 3150px\" \/><\/p>\n","protected":false},"excerpt":{"rendered":"<p>W zwi\u0105zku z mo\u017cliwo\u015bci\u0105 odbycia p\u0142atnego sta\u017cu informuj\u0119 i\u017c Sekcja Wdra\u017cania Projekt\u00f3w Strategicznych POWER Dzia\u0142 Zarz\u0105dzania Projektami Politechnika Wroc\u0142awska, uruchomi\u0142a rekrutacj\u0119. W linku poni\u017cej s\u0105 do pobrania dokumenty zwi\u0105zane z udzia\u0142em w sta\u017cu. Og\u0142oszenie rekrutacyjne: OG\u0141OSZENIE REKRUTACYJNE Baza pracodawc\u00f3w: BAZA PRACODAWC\u00d3W Poni\u017cej link do strony gdzie mo\u017cna zapozna\u0107 si\u0119 z dokumentacj\u0105 jaka obowi\u0105zuje w projekcie&#8230;.<\/p>\n<p><a href=\"https:\/\/lbam.pwr.edu.pl\/?page_id=1467\"><span class=\"glyphicon glyphicon-arrow-right\"><\/span>&nbsp;Continue reading<\/a><\/p>","protected":false},"author":1,"featured_media":0,"parent":0,"menu_order":0,"comment_status":"closed","ping_status":"closed","template":"","meta":{"footnotes":""},"_links":{"self":[{"href":"https:\/\/lbam.pwr.edu.pl\/index.php?rest_route=\/wp\/v2\/pages\/1467"}],"collection":[{"href":"https:\/\/lbam.pwr.edu.pl\/index.php?rest_route=\/wp\/v2\/pages"}],"about":[{"href":"https:\/\/lbam.pwr.edu.pl\/index.php?rest_route=\/wp\/v2\/types\/page"}],"author":[{"embeddable":true,"href":"https:\/\/lbam.pwr.edu.pl\/index.php?rest_route=\/wp\/v2\/users\/1"}],"replies":[{"embeddable":true,"href":"https:\/\/lbam.pwr.edu.pl\/index.php?rest_route=%2Fwp%2Fv2%2Fcomments&post=1467"}],"version-history":[{"count":8,"href":"https:\/\/lbam.pwr.edu.pl\/index.php?rest_route=\/wp\/v2\/pages\/1467\/revisions"}],"predecessor-version":[{"id":1481,"href":"https:\/\/lbam.pwr.edu.pl\/index.php?rest_route=\/wp\/v2\/pages\/1467\/revisions\/1481"}],"wp:attachment":[{"href":"https:\/\/lbam.pwr.edu.pl\/index.php?rest_route=%2Fwp%2Fv2%2Fmedia&parent=1467"}],"curies":[{"name":"wp","href":"https:\/\/api.w.org\/{rel}","templated":true}]}}