{"id":637,"date":"2016-10-07T19:38:47","date_gmt":"2016-10-07T17:38:47","guid":{"rendered":"http:\/\/lbam.pwr.edu.pl\/?page_id=637"},"modified":"2019-04-01T18:20:00","modified_gmt":"2019-04-01T16:20:00","slug":"bionanostruktury-ii","status":"publish","type":"page","link":"https:\/\/lbam.pwr.edu.pl\/?page_id=637","title":{"rendered":"BIONANOSTRUKTURY 2 &#8211; II sem II st"},"content":{"rendered":"<p style=\"text-align: left; font-size: 30px;\"><span style=\"color: #ff0000;\">PROJEKT \/ LABORATORIUM (semestr letni 2018\/19)<br \/>\n<\/span><\/p>\n<p style=\"text-align: left;\"><span style=\"color: #ff0000;\">prowadz\u0105cy:<\/span>\u00a0dr in\u017c. Magdalena Przyby\u0142o<\/p>\n<p style=\"text-align: left;\"><span style=\"color: #ff0000;\">miejsce:<\/span> D1, sala 026<\/p>\n<p style=\"text-align: left;\"><span style=\"color: #ff0000;\">termin:<\/span> pi\u0105tek, godzina\u00a008:15 &#8211; 10:00<\/p>\n<p style=\"text-align: left;\"><a href=\"http:\/\/lbam.pwr.edu.pl\/FILES\/Regulamin_pracowni_biofizycznej.pdf\" target=\"_blank\" rel=\"noopener\">REGULAMIN PRACOWNI BIOFIZYCZNEJ<\/a><\/p>\n<p>Link do harmonogramu zapis\u00f3w na cz\u0119\u015b\u0107 laboratoryjn\u0105:<\/p>\n<p><a href=\"https:\/\/docs.google.com\/spreadsheets\/d\/1lW3dHanr3ULWAQ3g1P_wX1rDWzJe5awcc3b6sKFX51g\/edit?usp=sharing\">https:\/\/docs.google.com\/spreadsheets\/d\/1lW3dHanr3ULWAQ3g1P_wX1rDWzJe5awcc3b6sKFX51g\/edit?usp=sharing<\/a><\/p>\n<p style=\"text-align: left;\"><span style=\"color: #000000;\">PLAN PRAC<\/span><\/p>\n<p style=\"text-align: left;\"><span style=\"color: #000000;\">LABORATORIUM 15H<\/span><\/p>\n<p>Zaj\u0119cia prowadzone w trybie <strong><span style=\"color: #0000ff;\">&#8220;zaprojektuj i wykonaj&#8221;<\/span><\/strong><\/p>\n<p class=\"p1\">23.02.2018 Zaj\u0119cia wprowadzaj\u0105ce &#8211; TYDZIE\u0143 PARZYSTY<\/p>\n<p class=\"p1\"><span style=\"color: #ff0000;\">01 <\/span> Charakterystyka sondy fluorescencyjnej na przyk\u0142adzie karboxyfluoresceiny<\/p>\n<p class=\"p1\"><span style=\"color: #ff0000;\">02 <\/span> Gaszenie tryptofanu w lizozymach za pomoc\u0105 akryl-amidu \u2013 dost\u0119pno\u015b\u0107 cz\u0119\u015bciowa wygaszacza \u2013 przyk\u0142ad gaszenia kolizyjnego<\/p>\n<p class=\"p1\"><span style=\"color: #ff0000;\">03 <\/span> Wyznaczanie wydajno\u015bci kwantowej sondy NBD; zmiana wydajno\u015bci w funkcji otoczenia.<\/p>\n<p class=\"p1\"><span style=\"color: #ff0000;\">04 <\/span> Wi\u0105zanie ligandu z bia\u0142kami \u2013 oddzia\u0142ywanie ANS z BSA<\/p>\n<p class=\"p1\"><a href=\"http:\/\/lbam.pwr.edu.pl\/wp-content\/uploads\/2016\/10\/Projekty-opisy.png\"><img loading=\"lazy\" decoding=\"async\" class=\"alignnone size-full wp-image-1224\" src=\"http:\/\/lbam.pwr.edu.pl\/wp-content\/uploads\/2016\/10\/Projekty-opisy.png\" alt=\"Projekty opisy\" width=\"1102\" height=\"1384\" srcset=\"https:\/\/lbam.pwr.edu.pl\/wp-content\/uploads\/2016\/10\/Projekty-opisy.png 1102w, https:\/\/lbam.pwr.edu.pl\/wp-content\/uploads\/2016\/10\/Projekty-opisy-238x300.png 238w, https:\/\/lbam.pwr.edu.pl\/wp-content\/uploads\/2016\/10\/Projekty-opisy-815x1024.png 815w\" sizes=\"(max-width: 1102px) 100vw, 1102px\" \/><\/a><\/p>\n<hr \/>\n","protected":false},"excerpt":{"rendered":"<p>PROJEKT \/ LABORATORIUM (semestr letni 2018\/19) prowadz\u0105cy:\u00a0dr in\u017c. Magdalena Przyby\u0142o miejsce: D1, sala 026 termin: pi\u0105tek, godzina\u00a008:15 &#8211; 10:00 REGULAMIN PRACOWNI BIOFIZYCZNEJ Link do harmonogramu zapis\u00f3w na cz\u0119\u015b\u0107 laboratoryjn\u0105: https:\/\/docs.google.com\/spreadsheets\/d\/1lW3dHanr3ULWAQ3g1P_wX1rDWzJe5awcc3b6sKFX51g\/edit?usp=sharing PLAN PRAC LABORATORIUM 15H Zaj\u0119cia prowadzone w trybie &#8220;zaprojektuj i wykonaj&#8221; 23.02.2018 Zaj\u0119cia wprowadzaj\u0105ce &#8211; TYDZIE\u0143 PARZYSTY 01 Charakterystyka sondy fluorescencyjnej na przyk\u0142adzie karboxyfluoresceiny 02&#8230;<\/p>\n<p><a href=\"https:\/\/lbam.pwr.edu.pl\/?page_id=637\"><span class=\"glyphicon glyphicon-arrow-right\"><\/span>&nbsp;Continue reading<\/a><\/p>","protected":false},"author":1,"featured_media":0,"parent":5,"menu_order":0,"comment_status":"closed","ping_status":"closed","template":"page-no-breadcrumbs.php","meta":{"footnotes":""},"_links":{"self":[{"href":"https:\/\/lbam.pwr.edu.pl\/index.php?rest_route=\/wp\/v2\/pages\/637"}],"collection":[{"href":"https:\/\/lbam.pwr.edu.pl\/index.php?rest_route=\/wp\/v2\/pages"}],"about":[{"href":"https:\/\/lbam.pwr.edu.pl\/index.php?rest_route=\/wp\/v2\/types\/page"}],"author":[{"embeddable":true,"href":"https:\/\/lbam.pwr.edu.pl\/index.php?rest_route=\/wp\/v2\/users\/1"}],"replies":[{"embeddable":true,"href":"https:\/\/lbam.pwr.edu.pl\/index.php?rest_route=%2Fwp%2Fv2%2Fcomments&post=637"}],"version-history":[{"count":22,"href":"https:\/\/lbam.pwr.edu.pl\/index.php?rest_route=\/wp\/v2\/pages\/637\/revisions"}],"predecessor-version":[{"id":1440,"href":"https:\/\/lbam.pwr.edu.pl\/index.php?rest_route=\/wp\/v2\/pages\/637\/revisions\/1440"}],"up":[{"embeddable":true,"href":"https:\/\/lbam.pwr.edu.pl\/index.php?rest_route=\/wp\/v2\/pages\/5"}],"wp:attachment":[{"href":"https:\/\/lbam.pwr.edu.pl\/index.php?rest_route=%2Fwp%2Fv2%2Fmedia&parent=637"}],"curies":[{"name":"wp","href":"https:\/\/api.w.org\/{rel}","templated":true}]}}