{"id":77,"date":"2014-09-24T22:35:58","date_gmt":"2014-09-24T20:35:58","guid":{"rendered":"http:\/\/lbam.pwr.edu.pl\/?page_id=77"},"modified":"2023-11-18T14:26:16","modified_gmt":"2023-11-18T13:26:16","slug":"o-laboratorium","status":"publish","type":"page","link":"https:\/\/lbam.pwr.edu.pl\/","title":{"rendered":"LABORATORIUM"},"content":{"rendered":"\n<!--more-->\n\n\n\n<figure class=\"wp-block-image\"><a href=\"http:\/\/lbam.pwr.edu.pl\/wp-content\/uploads\/2014\/09\/labfot.jpg\"><img loading=\"lazy\" decoding=\"async\" width=\"2000\" height=\"463\" src=\"http:\/\/lbam.pwr.edu.pl\/wp-content\/uploads\/2014\/09\/labfot.jpg\" alt=\"labfot\" class=\"wp-image-248\" srcset=\"https:\/\/lbam.pwr.edu.pl\/wp-content\/uploads\/2014\/09\/labfot.jpg 2000w, https:\/\/lbam.pwr.edu.pl\/wp-content\/uploads\/2014\/09\/labfot-300x69.jpg 300w, https:\/\/lbam.pwr.edu.pl\/wp-content\/uploads\/2014\/09\/labfot-1024x237.jpg 1024w\" sizes=\"(max-width: 2000px) 100vw, 2000px\" \/><\/a><\/figure>\n\n\n\n<div style=\"background-color: #ffffff; height: 250px; width: 25%; float: left; text-align: left; padding: 8px;\"><span style=\"color: #ff0000;\"><strong>Laboratorium Biofizyki Agregat\u00f3w Makrocz\u0105steczkowych<\/strong><\/span><br>\n<span style=\"color: #000000;\"><span style=\"color: #000000;\">Laboratorium prowadzi prace badawcze w zakresie projektowania, optymalizacji i analizy w\u0142a\u015bciwo\u015bci agregacyjnych (liposomowych) form lek\u00f3w.<\/span><\/span><\/div>\n\n\n\n<div style=\"background-color: #ffffff; height: 250px; width: 25%; float: left; text-align: left; padding: 8px;\">LBAM jest jednym z trzech laboratori\u00f3w wchodz\u0105cych w sk\u0142ad <strong>Wroc\u0142awskiej Sieci Laboratori\u00f3w Biotechnologii Agregat\u00f3w Lipidowych.<\/strong><\/div>\n\n\n\n<div style=\"background-color: #ffffff; height: 250px; width: 25%; float: left; padding: 8px;\">W laboratorium aktualnie realizowany jest projekt finansowany z NCN: OPUS-20 dotycz\u0105cy immunomodulacji z wykorzystaniem liposom\u00f3w. Tytu\u0142 projektu: Dostarczanie immuno-aktywator\u00f3w do kom\u00f3rek fagocytuj\u0105cych w celu uzyskania odpowiedzi przeciwnowotworowej. <\/div>\n\n\n\n<div style=\"background-color: #ffffff; height: 250px; width: 25%; float: left; padding: 8px;\">Laboratorium \u015bwiadczy us\u0142ugi badawcze na zlecenie podmiot\u00f3w zewn\u0119trznych, w celu otrzymania dodatkowych informacji, zach\u0119camy do kontaktu.<\/div>\n\n\n\n<p>Laboratorium Biofizyki Agregat\u00f3w Makrocz\u0105steczkowych mie\u015bci si\u0119 w budynku D-1 Politechniki Wroc\u0142awskiej przy pl. Grunwaldzkim 13, 50-377 we Wroc\u0142awiu. Laboratorium po\u0142o\u017cone jest w przyziemiu i obejmuje powierzchni\u0119 50 m2, na powierzchni kt\u00f3rej wydzielone s\u0105 dwa osobne pomieszczenia, cz\u0119\u015b\u0107 preparatywna oraz cz\u0119\u015b\u0107 analityczna. <br> W laboratorium znajduj\u0105 si\u0119 nast\u0119puj\u0105ce urz\u0105dzenia pomiarowe:<\/p>\n\n\n\n<p><a style=\"background-color: #ffffff;\"><span style=\"color: #ff0000;\"><strong>1. Malvern Zetasizer Nano ZS (Anglia) <\/strong><\/span> \u2013 <span style=\"color: #000000;\"> Urz\u0105dzenie pozwalaj\u0105ce na pomiar wielko\u015bci cz\u0105stek z wykorzystaniem techniki dynamicznego rozpraszania \u015bwiat\u0142a oraz pomiar potencja\u0142u zeta, <\/span> <span style=\"color: #000000;\"><em> Cena za 1 pomiar 140 z\u0142 netto (Uczelnie) | 180 z\u0142 netto (Podmioty gospodarcze) Do 10 pomiar\u00f3w. W przypadku wi\u0119kszej ilo\u015bci cena jest negocjowalna. <\/em><\/span><\/a><\/p>\n\n\n\n<p><a style=\"background-color: #ffffff;\"><span style=\"color: #ff0000;\"><strong>2. Stopped-flow BioLogic France <\/strong><\/span> <span style=\"color: #000000;\">&#8211; Urz\u0105dzenie umo\u017cliwiaj\u0105ce pomiar kinetyki w warunkach zatrzymanego przep\u0142ywu rozproszeniowy oraz fluorescencyjny) <\/span> <span style=\"color: #000000;\"><em> Cena za 1h pomiaru 80 z\u0142 netto (Uczelnie) | 250 z\u0142 netto (Podmioty gospodarcze) <\/em><\/span><\/a><\/p>\n\n\n\n<p><a style=\"background-color: #ffffff;\"><span style=\"color: #ff0000;\"><strong>3. Titrator Mettler-Toledo DL-58 (Szwajcaria) <\/strong><\/span> <span style=\"color: #000000;\"> Urz\u0105dzenie do miareczkowania pH-metrycznego <\/span> <\/a><\/p>\n\n\n\n<p><a style=\"background-color: #ffffff;\"><span style=\"color: #ff0000;\"><strong>4. Spektrofotometr Thermo Scientific Nicolet Evolution 100 UV-VIS (USA) <\/strong><\/span><span style=\"color: #000000;\"> mierz\u0105cy w zakresie 190-1100nm <\/span> <span style=\"color: #000000;\"><em> Cena za 1 pomiar 45 z\u0142 netto (Uczelnie) | 50 z\u0142 netto (Podmioty gospodarcze) <\/em><\/span><\/a><\/p>\n\n\n\n<p><a style=\"background-color: #ffffff;\"><span style=\"color: #ff0000;\"><strong>5. HPLC Knauer <\/strong><\/span> <span style=\"color: #000000;\">&#8211; wysokosprawny chromatograf cieczowy z detektorem rozproszeniowym ELSD Alltech 3300, detektorem amperometrycznym LaChrom L-3500A Merc Recipe, detektor UV Kanuer oraz detektorem fluorescencyjnym Schimadzu <\/span> <span style=\"color: #000000;\"><em> Cena za 1h pomiaru 90 z\u0142 netto (Uczelnie) | 70 z\u0142 netto (Podmioty gospodarcze) | Cena dotyczy wykorzystania sprz\u0119tu &#8211; materia\u0142y eksploatacyjne kosztorysowane s\u0105&nbsp;osobno, w zale\u017cno\u015bci od typu pomiaru <\/em><\/span><\/a><\/p>\n\n\n\n<p><a style=\"background-color: #ffffff;\"><span style=\"color: #ff0000;\"><strong>6. Spektrofluorymetr Fluoromax 4 TCSPC Horiba <\/strong><\/span> <span><i style=\"color: #000000;\"> Cena za 1 h pomiaru 100 z\u0142 netto (Uczelnie) | &nbsp;120 z\u0142 netto (Podmioty gospodarcze). W cenie uwzgl\u0119dniono&nbsp;<\/i><span style=\"color: #000000;\"><span style=\"caret-color: #000000;\"><i>dost\u0119p<\/i><\/span><\/span><i style=\"color: #000000;\">&nbsp;do kuwet pomiarowych i sprz\u0119tu. Obecno\u015b\u0107 specjalisty kosztorysowana oddzielenie.<\/i><\/span><\/a><\/p>\n\n\n\n<p><a style=\"background-color: #ffffff;\"><span style=\"color: #ff0000;\"><strong>7. MikroLab &#8211; Mikroskop odwr\u00f3cony z kontrastem fazowym MBI 100T <\/strong><\/span> <span style=\"color: #000000;\">z kamer\u0105 uEye UI-1465LE <\/span><\/a><\/p>\n\n\n\n<p><a style=\"background-color: #ffffff;\"><span style=\"color: #ff0000;\"><strong>8. Osmometr Marcel OS 3000 (Polska) &nbsp;<\/strong><span style=\"color: #000000;\">1 pr\u00f3bka &#8211; 300 z\u0142 (netto) ka\u017cda nast\u0119pna 150 z\u0142.&nbsp;<\/span><\/span><\/a><\/p>\n\n\n\n<p>Katedra In\u017cynierii Biomedycznej wystawia FV za zlecenie wykonania pomiar\u00f3w. W kwestii zlecenia prosimy o kontakt z :<br>\n+48 (71) 320 65 80 ppt.kib@pwr.edu.pl<\/p>\n\n\n\n<p><a style=\"background-color: #ffffff;\"><span style=\"color: #ff0000;\"><strong> Wyposa\u017cenie drobne :<\/strong><\/span><br>\n&#8212;&#8212;&#8212;&#8212;&#8212;&#8212;&#8212;&#8212;&#8212;&#8212;&#8212;&#8212;&#8212;&#8212;&#8212;&#8212;&#8212;&#8212;&#8212;&#8212;&#8212;&#8212;&#8212;&#8212;&#8212;&#8212;&#8212;&#8212;&#8212;&#8212;&#8212;&#8212;&#8212;&#8212;&#8212;&#8212;&#8212;&#8212;&#8212;&#8212;&#8212;&#8212;&#8212;&#8212;&#8212;&#8212;&#8212;&#8212;&#8212;&#8212;&#8212;&#8212;&#8212;&#8212;&#8212;&#8212;&#8212;&#8212;&#8212;<br>\n<span style=\"color: #000000;\"> 1.Pompa zasilana elektrycznie wraz z przystawk\u0105 do ekstruzji uk\u0142ad umo\u017cliwiaj\u0105cy tworzenie skalibrowanych nanostruktur lipidowych<br>\n2.Zestaw do ultrafiltracji pompa: Masterflex L\/S Economy Drive z g\u0142owic\u0105 EasyLoad II L\/S model 772060, modu\u0142 do filtracji Millipore Membrane Biomax 50K PXB050A50<br>\n3. Elmetron CP 411- Wodoszczelny pH metr<br>\n4. Elmetron CPC \u2013 505 Konduktometr z pH metrem<br>\n5. Radwag AS\/220\/C\/2 Waga analityczna<br>\n6. Radwag WTB 2000 Waga precyzyjna<br>\n7. Radwag AS60\/220\/C\/2 Waga analityczna<br>\n8. Manualny ekstruder laboratoryjny o wydajno\u015bci od 1,0-5,0 ml 9. Vortex Grant Bio PV-1 Mieszad\u0142o magnetyczne \u2013 2 sztuki<br>\n10. IKA-WERKE RT 5 mieszad\u0142o magnetyczne 5 stanowiskowe z grzaniem<br>\n11. IKA- WERKE bio-squid mieszad\u0142o magnetyczne<br>\n12. Intersonic IS-1K Myjka ultrad\u017awi\u0119kowa<br>\n13. Hettich EBA 21- Wir\u00f3wka laboratoryjna<br>\n13. Memmert typ UNB 200 Cieplarko-Suszarka max 220\u02daC<br>\n14. Laboxact &#8211; System pr\u00f3\u017cniowy z pomp\u0105<br>\n15. IKA-WERKE Wyparka laboratoryjna rotacyjna<br>\n16. Inkubator CO2 New Brunshick Scientific Innova CO-170 \u2013 Inkubator CO2 do hodowli kom\u00f3rkowych<br>\n17. Esco Airstream Clas II BSC Biohazard &#8211; Komora laminarna<br>\n18. Termaks B 8133 Inkubator do hodowli kom\u00f3rkowych (Holandia)<br>\n19 Wigo Demineralizator wody 20. Smeg GW 2045 glasswasher &#8211; Zmywarka laboratoryjna 21. New Brunshwick Scientific Ultra Low Temperature Freezer U101Innova \u2013 zamra\u017carka niskotemperaturowa (-80\u02daC)<\/span><br>\n&#8212;&#8212;&#8212;&#8212;&#8212;&#8212;&#8212;&#8212;&#8212;&#8212;&#8212;&#8212;&#8212;&#8212;&#8212;&#8212;&#8212;&#8212;&#8212;&#8212;&#8212;&#8212;&#8212;&#8212;&#8212;&#8212;&#8212;&#8212;&#8212;&#8212;&#8212;&#8212;&#8212;&#8212;&#8212;&#8212;&#8212;&#8212;&#8212;&#8212;&#8212;&#8212;&#8212;&#8212;&#8212;&#8212;&#8212;&#8212;&#8212;&#8212;&#8212;&#8212;&#8212;&#8212;&#8212;&#8212;&#8212;&#8212;&#8212;&#8211;<\/a><\/p>\n","protected":false},"excerpt":{"rendered":"<p><a href=\"https:\/\/lbam.pwr.edu.pl\/\"><span class=\"glyphicon glyphicon-arrow-right\"><\/span>&nbsp;Continue reading<\/a><\/p>","protected":false},"author":1,"featured_media":0,"parent":0,"menu_order":0,"comment_status":"closed","ping_status":"closed","template":"page-no-breadcrumbs-full-width.php","meta":{"footnotes":""},"_links":{"self":[{"href":"https:\/\/lbam.pwr.edu.pl\/index.php?rest_route=\/wp\/v2\/pages\/77"}],"collection":[{"href":"https:\/\/lbam.pwr.edu.pl\/index.php?rest_route=\/wp\/v2\/pages"}],"about":[{"href":"https:\/\/lbam.pwr.edu.pl\/index.php?rest_route=\/wp\/v2\/types\/page"}],"author":[{"embeddable":true,"href":"https:\/\/lbam.pwr.edu.pl\/index.php?rest_route=\/wp\/v2\/users\/1"}],"replies":[{"embeddable":true,"href":"https:\/\/lbam.pwr.edu.pl\/index.php?rest_route=%2Fwp%2Fv2%2Fcomments&post=77"}],"version-history":[{"count":97,"href":"https:\/\/lbam.pwr.edu.pl\/index.php?rest_route=\/wp\/v2\/pages\/77\/revisions"}],"predecessor-version":[{"id":1695,"href":"https:\/\/lbam.pwr.edu.pl\/index.php?rest_route=\/wp\/v2\/pages\/77\/revisions\/1695"}],"wp:attachment":[{"href":"https:\/\/lbam.pwr.edu.pl\/index.php?rest_route=%2Fwp%2Fv2%2Fmedia&parent=77"}],"curies":[{"name":"wp","href":"https:\/\/api.w.org\/{rel}","templated":true}]}}